626299 a composite number?
True
Is 5907704566 prime?
False
Is 66502297 a composite number?
True
Is 442188709 prime?
True
Is 6208170778 prime?
False
Is 131730955549 prime?
True
Is 201723647 composite?
True
Is 33381821947 a prime number?
True
Is 3629416297 composite?
True
Is 21571969097 composite?
True
Is 28256442833 a prime number?
True
Is 197205131 composite?
True
Is 22944035078 a prime number?
False
Is 8852248343 prime?
True
Is 86448455711 a prime number?
True
Is 5855422159 composite?
True
Is 1022500907 a composite number?
False
Is 496209299 a prime number?
True
Is 7150708847 a prime number?
False
Is 14038084589 a prime number?
True
Is 4036267633 prime?
True
Is 2083199 a prime number?
True
Is 27072203387 a prime number?
True
Is 81962483 prime?
False
Is 101812383397 composite?
False
Is 929560003 a composite number?
False
Is 6806695969 a prime number?
False
Is 810351119 a prime number?
True
Is 99730597 a composite number?
False
Is 15220337371 composite?
True
Is 7575440497 prime?
True
Is 57972905 composite?
True
Is 1333292501 a prime number?
True
Is 27630041 a composite number?
True
Is 750373009 a composite number?
True
Is 16772738329 composite?
False
Is 255949301 composite?
True
Is 880334513 prime?
True
Is 24030693029 composite?
True
Is 358835023 a prime number?
True
Is 7205110037 prime?
True
Is 521746931 prime?
False
Is 2231406137 a prime number?
False
Is 164133341 a composite number?
False
Is 161238883639 a composite number?
True
Is 2796988807 a prime number?
False
Is 38230471241 prime?
True
Is 101935807 a composite number?
False
Is 7401736687 composite?
False
Is 4060511207 composite?
True
Is 2283090539 a composite number?
True
Is 28786975331 a composite number?
False
Is 2108906417 a composite number?
True
Is 2099853521 composite?
False
Is 88084241 a prime number?
False
Is 368354017 prime?
True
Is 3473351093 composite?
False
Is 83017282507 prime?
False
Is 1764438953 composite?
True
Is 1089918233 composite?
True
Is 93139889 a prime number?
False
Is 23736374419 a prime number?
False
Is 1378214111 prime?
True
Is 808809787 prime?
False
Is 47510329667 composite?
False
Is 7266738637 a prime number?
True
Is 19095418483 prime?
False
Is 16168824701 a composite number?
False
Is 19885279517 composite?
False
Is 374291341 prime?
True
Is 37790777377 a composite number?
True
Is 22835672257 a prime number?
False
Is 14249430407 prime?
True
Is 2099190227 prime?
False
Is 6093097853 composite?
True
Is 38930722577 prime?
False
Is 14086440449 composite?
False
Is 168924113 prime?
True
Is 6805178977 a prime number?
False
Is 1342736873 a composite number?
False
Is 960273517 composite?
True
Is 5943658129 prime?
False
Is 185593111289 prime?
False
Is 1124418523 prime?
False
Is 30171904759 prime?
False
Is 31510781 composite?
False
Is 30640974043 composite?
False
Is 2705462689 a prime number?
True
Is 1191277309 composite?
False
Is 315876604889 composite?
False
Is 567645203 prime?
True
Is 58672636169 prime?
False
Is 221180191 composite?
True
Is 885294539 a prime number?
True
Is 8708435633 a prime number?
False
Is 24569036873 a composite number?
False
Is 11337727277 a composite number?
True
Is 145039981 prime?
False
Is 1575505459 a composite number?
True
Is 2536815805 a composite number?
True
Is 716005321 composite?
False
Is 119207125057 composite?
True
Is 513683303 composite?
True
Is 263310847 a composite number?
False
Is 706855238 composite?
True
Is 346907953 a composite number?
True
Is 456943199 a prime number?
True
Is 244168231 a prime number?
True
Is 86048684989 composite?
False
Is 29922395833 prime?
False
Is 33071751707 a composite number?
True
Is 317139301 a prime number?
False
Is 62716002847 a composite number?
True
Is 2576573443 composite?
True
Is 26938302713 a prime number?
False
Is 5770684889 prime?
False
Is 124509029 composite?
False
Is 5606876699 prime?
True
Is 11856208477 composite?
False
Is 45355673387 a prime number?
True
Is 274275861 a composite number?
True
Is 15199011571 a prime number?
False
Is 4717452769 a prime number?
False
Is 4123505143 a prime number?
True
Is 2777868997 a composite number?
False
Is 10789884557 a composite number?
False
Is 133691805629 prime?
True
Is 106469548411 prime?
True
Is 1178713301 a composite number?
True
Is 1600936691 a composite number?
False
Is 482361889 prime?
True
Is 29606418293 a composite number?
False
Is 1298280593 a prime number?
True
Is 1500341309 a prime number?
True
Is 4509050017 prime?
True
Is 1364641373 prime?
False
Is 1145070907 a composite number?
False
Is 1078102043 a composite number?
False
Is 6571602218 a composite number?
True
Is 3622220257 prime?
True
Is 937113731 prime?
True
Is 6110179739 composite?
False
Is 8569487249 composite?
False
Is 833652637 a prime number?
True
Is 244153177 a composite number?
False
Is 4465462481 a prime number?
True
Is 24954796771 a prime number?
False
Is 43422250541 composite?
True
Is 114444782623 a prime number?
True
Is 2709714019 a composite number?
True
Is 3619205809 a composite number?
False
Is 2390774927 a prime number?
True
Is 6134165659 a composite number?
True
Is 23937600997 a composite number?
True
Is 29583125617 a composite number?
False
Is 1168669319 a composite number?
False
Is 136476860389 a composite number?
True
Is 1543525927 a composite number?
False
Is 125783579 a prime number?
True
Is 156246593 a composite number?
False
Is 60974215829 composite?
True
Is 133380896651 prime?
False
Is 14186370589 a composite number?
True
Is 991564519 a prime number?
False
Is 1133352811 composite?
False
Is 12632269963 prime?
False
Is 13769435159 prime?
True
Is 16610870587 a prime number?
True
Is 2069759453 a prime number?
True
Is 48048271457 composite?
False
Is 1488128357 a composite number?
True
Is 1369287109 composite?
False
Is 20754254513 a composite number?
True
Is 5356241423 prime?
False
Is 53808287123 a composite number?
True
Is 61227537643 prime?
True
Is 3395869343 a prime number?
True
Is 1435489361 a composite number?
False
Is 21185084941 a prime number?
False
Is 2727180565 a prime number?
False
Is 19538161 a prime number?
True
Is 4302072937 composite?
False
Is 44080755331 prime?
True
Is 932278463 prime?
True
Is 9340049867 a composite number?
False
Is 18662361871 composite?
True
Is 376674371791 prime?
True
Is 1002997649 composite?
False
Is 2640574529 a prime number?
True
Is 45489450905 composite?
True
Is 25799734511 a prime number?
True
Is 3660468283 a prime number?
True
Is 80677661 composite?
False
Is 16340162353 prime?
False
Is 159247391 composite?
True
Is 295119591167 composite?
True
Is 22029888869 a prime number?
True
Is 58332460967 a prime number?
False
Is 143586653 a composite number?
True
Is 16643356987 composite?
False
Is 90177055487 composite?
False
Is 18486927661 composite?
True
Is 2075151758 composite?
True
Is 2419661261 prime?
False
Is 1418305547 prime?
True
Is 356748979 a composite number?
False
Is 127078277 composite?
True
Is 220664317 a prime number?
True
Is 21699041537 a prime number?
False
Is 110705683999 prime?
True
Is 10056404669 prime?
True
Is 2023806001 a composite number?
True
Is 641005039 prime?
True
Is 416743429 prime?
True
Is 84723703 a composite number?
True
Is 20229392429 prime?
False
Is 3819205427 composite?
False
Is 39193598993 prime?
False
Is 66498912209 a prime number?
True
Is 217229141 a prime number?
False
Is 8563607651 composite?
False
Is 28096907 a composite number?
False
Is 85110946913 composite?
True
Is 96858978613 prime?
False
Is 8250198673 composite?
False
Is 92024797 a prime number?
False
Is 139114711237 a composite number?
True
Is 8594416997 prime?
False
Is 16353389 a prime number?
False
Is 1850636273 a prime number?
True
Is 240207571 composite?
True
Is 105242693 prime?
True
Is 1037803727 a composite number?
False
Is 115861734383 composite?
True
Is 442731019 prime?
True
Is 618842759 a composite number?
True
Is 20397178031 composite?
True
Is 16133277031 a prime number?
True
Is 2186586341 a composite number?
True
Is 8289329905 composite?
True
Is 9881355269 a prime number?
False
Is 26949799493 prime?
False
Is 799176859 prime?
False
Is 38362260983 a prime number?
True
Is 362869189 a prime number?
False
Is 15730069406 composite?
True
Is 4260959561 composite?
False
Is 28509166841 a prime number?
False
Is 49077811 composite?
False
Is 